atest common divisor of 66303 and 1431?
477
What is the greatest common divisor of 174752 and 129?
43
Calculate the highest common factor of 2669 and 9333.
17
What is the greatest common factor of 272 and 25136?
16
Calculate the greatest common factor of 74 and 41588.
74
Calculate the greatest common factor of 14 and 664.
2
Calculate the highest common factor of 85 and 3757085.
85
What is the greatest common factor of 354 and 344973?
177
What is the greatest common divisor of 120 and 122080?
40
Calculate the greatest common divisor of 225940 and 380.
20
What is the greatest common divisor of 10516 and 902?
22
What is the greatest common divisor of 5768 and 64066?
206
What is the highest common divisor of 31 and 812?
1
Calculate the highest common divisor of 351 and 6513.
39
What is the highest common factor of 2530 and 36340?
230
Calculate the greatest common divisor of 32 and 2851424.
32
What is the highest common divisor of 153 and 137445?
51
Calculate the highest common divisor of 8848 and 3136.
112
What is the highest common factor of 815455 and 310?
155
Calculate the greatest common divisor of 102720 and 1280.
320
What is the greatest common divisor of 98 and 245931?
49
Calculate the highest common factor of 336 and 15078.
42
Calculate the highest common divisor of 7203 and 303.
3
What is the greatest common divisor of 99 and 89111?
11
What is the highest common factor of 10434 and 9398?
74
What is the greatest common factor of 2440 and 17389880?
2440
Calculate the highest common factor of 38320 and 360.
40
Calculate the greatest common factor of 140160 and 53120.
640
What is the highest common factor of 1958 and 8455?
89
Calculate the greatest common divisor of 26039 and 78.
13
Calculate the greatest common divisor of 7688 and 4024.
8
What is the highest common factor of 1549545 and 228?
57
Calculate the highest common factor of 145 and 5745.
5
Calculate the greatest common divisor of 9259 and 2303.
47
Calculate the highest common factor of 1958 and 44.
22
Calculate the highest common divisor of 210208 and 128.
32
Calculate the greatest common factor of 234 and 803970.
18
Calculate the highest common divisor of 165409 and 502.
251
What is the highest common factor of 1430 and 4774?
22
Calculate the highest common factor of 9484792 and 1544.
1544
Calculate the highest common divisor of 8 and 564240.
8
What is the highest common factor of 9145 and 26970?
155
Calculate the highest common divisor of 4222520 and 60.
20
Calculate the greatest common factor of 47456 and 8.
8
Calculate the greatest common divisor of 3827 and 116315.
43
What is the highest common divisor of 96 and 419904?
96
Calculate the greatest common divisor of 667 and 6119.
29
What is the highest common divisor of 120492 and 48?
12
Calculate the highest common factor of 414 and 2162.
46
What is the greatest common factor of 7540 and 163540?
260
What is the greatest common factor of 3034 and 115620?
82
What is the highest common factor of 81 and 99468?
81
Calculate the greatest common divisor of 824551 and 28.
7
What is the highest common divisor of 200811 and 114?
57
What is the highest common divisor of 385 and 15565?
55
What is the highest common divisor of 1470 and 283857?
147
What is the greatest common divisor of 143069 and 79?
79
What is the highest common factor of 448 and 60096?
64
What is the greatest common factor of 14 and 11942?
14
What is the greatest common divisor of 5307 and 754?
29
Calculate the greatest common divisor of 77824 and 152.
152
What is the greatest common factor of 141 and 139731?
141
Calculate the highest common factor of 28 and 142695.
7
Calculate the greatest common factor of 48791 and 117199.
503
What is the highest common divisor of 18315 and 105?
15
What is the highest common divisor of 7651 and 14?
7
What is the highest common divisor of 1749 and 17028?
33
What is the greatest common factor of 262064 and 374?
22
Calculate the highest common factor of 635 and 158496.
127
Calculate the greatest common divisor of 13 and 3081663.
13
What is the greatest common divisor of 45012 and 2244?
132
What is the greatest common factor of 169692 and 316?
316
What is the greatest common factor of 23 and 2837?
1
Calculate the greatest common divisor of 2128 and 533729.
133
What is the greatest common factor of 112021 and 21?
7
What is the highest common factor of 1565642 and 130?
26
Calculate the greatest common factor of 269181 and 33.
33
Calculate the highest common factor of 7372 and 49172.
76
What is the greatest common factor of 727234 and 118?
118
Calculate the highest common factor of 1122915 and 45.
15
Calculate the greatest common factor of 689 and 8502.
13
Calculate the greatest common divisor of 5739228 and 2376.
1188
Calculate the highest common divisor of 120 and 970830.
30
Calculate the highest common factor of 116 and 142767.
29
Calculate the highest common factor of 2366 and 5369.
91
What is the greatest common divisor of 28227 and 15?
3
Calculate the greatest common divisor of 266 and 1764416.
38
Calculate the highest common factor of 50517 and 81.
27
Calculate the highest common divisor of 26 and 156754.
26
What is the highest common factor of 320 and 472560?
80
Calculate the greatest common factor of 264 and 131142.
66
What is the greatest common divisor of 105 and 6120?
15
What is the highest common factor of 14176 and 49173?
443
What is the greatest common divisor of 36627 and 234918?
1263
Calculate the highest common factor of 312 and 46164.
12
What is the highest common divisor of 39 and 50297?
13
What is the greatest common divisor of 79686 and 9690?
114
Calculate the greatest common divisor of 561 and 528.
33
Calculate the greatest common factor of 1896 and 132.
12
Calculate the greatest common factor of 1386 and 582.
6
Calculate the greatest common factor of 1076 and 340554.
538
What is the highest common divisor of 12 and 956860?
4
Calculate the greatest common factor of 7429 and 5773.
23
Calculate the highest common factor of 20 and 16304.
4
Calculate the greatest common divisor of 288 and 190812.
12
What is the highest common divisor of 57924 and 32?
4
What is the greatest common divisor of 164012 and 5764?
524
Calculate the highest common divisor of 2250 and 534.
6
Calculate the greatest common divisor of 2348418 and 6.
6
Calculate the greatest common factor of 51716 and 84.
28
Calculate the greatest common factor of 271570 and 30.
10
Calculate the greatest common divisor of 35344 and 329.
47
What is the highest common divisor of 1090 and 733570?
1090
What is the greatest common divisor of 108822 and 42?
42
What is the highest common divisor of 4107 and 144300?
111
Calculate the highest common factor of 62607 and 123.
123
Calculate the highest common divisor of 5601577 and 811.
811
What is the highest common divisor of 28 and 46444?
4
What is the highest common factor of 581233 and 4255?
851
Calculate the greatest common divisor of 196 and 32.
4
Calculate the greatest common divisor of 177963 and 137.
137
Calculate the highest common factor of 301347 and 90.
9
Calculate the highest common divisor of 21 and 1606864.
7
What is the highest common factor of 26925 and 420?
15
Calculate the highest common divisor of 5 and 100370.
5
Calculate the greatest common divisor of 77 and 3768611.
77
What is the greatest common factor of 4352 and 1360?
272
Calculate the highest common divisor of 390885 and 8755.
515
Calculate the highest common factor of 584 and 12337.
73
What is the greatest common factor of 89093 and 106?
53
What is the greatest common divisor of 80 and 911280?
80
What is the greatest common factor of 22927 and 303?
101
Calculate the greatest common factor of 12 and 2403.
3
Calculate the highest common divisor of 132 and 236478.
66
Calculate the greatest common divisor of 4620 and 235884.
132
What is the highest common divisor of 1264 and 6004?
316
Calculate the greatest common divisor of 38003 and 2562.
427
Calculate the greatest common factor of 496 and 2160.
16
What is the greatest common factor of 455 and 4030?
65
What is the highest common divisor of 676 and 1248?
52
Calculate the greatest common divisor of 1270979 and 166.
83
What is the highest common divisor of 132850 and 50?
50
Calculate the greatest common f